{"id":597,"date":"2026-02-06T19:20:20","date_gmt":"2026-02-06T18:20:20","guid":{"rendered":"https:\/\/3rok.pl\/d15\/?page_id=597"},"modified":"2026-02-09T12:14:30","modified_gmt":"2026-02-09T11:14:30","slug":"start","status":"publish","type":"page","link":"https:\/\/3rok.pl\/d15\/","title":{"rendered":"Design, branding i kreatywne rozwi\u0105zania projektowe. Zamieniam chaos w pouk\u0142adan\u0105 komunikacj\u0119 wizualn\u0105"},"content":{"rendered":"<div class=\"wpb-content-wrapper\"><p>[vc_row full_width=&#8221;stretch_row&#8221; video_bg=&#8221;yes&#8221; video_bg_url=&#8221;https:\/\/www.youtube.com\/watch?v=1Ktb3bj-Exg&amp;list=RD2Gg6Seob5Mg&amp;index=7&#8243; css=&#8221;.vc_custom_1770553756879{background-color: #4C64FF !important;}&#8221; min_height=&#8221;300px&#8221;][vc_column width=&#8221;1\/2&#8243;][vc_column_text css_animation=&#8221;fadeInDownBig&#8221; css=&#8221;&#8221;][\/vc_column_text][\/vc_column][vc_column width=&#8221;1\/2&#8243;][vc_single_image image=&#8221;684&#8243; img_size=&#8221;medium&#8221; alignment=&#8221;right&#8221; style=&#8221;vc_box_border_circle&#8221; css=&#8221;&#8221;][\/vc_column][\/vc_row][vc_row][vc_column][vc_separator style=&#8221;dotted&#8221;][\/vc_column][\/vc_row]<\/p>\n<\/div>","protected":false},"excerpt":{"rendered":"<p>[vc_row full_width=&#8221;stretch_row&#8221; video_bg=&#8221;yes&#8221; video_bg_url=&#8221;https:\/\/www.youtube.com\/watch?v=1Ktb3bj-Exg&amp;list=RD2Gg6Seob5Mg&amp;index=7&#8243; css=&#8221;.vc_custom_1770553756879{background-color: #4C64FF !important;}&#8221; min_height=&#8221;300px&#8221;][vc_column width=&#8221;1\/2&#8243;][vc_column_text css_animation=&#8221;fadeInDownBig&#8221; css=&#8221;&#8221;][\/vc_column_text][\/vc_column][vc_column width=&#8221;1\/2&#8243;][vc_single_image image=&#8221;684&#8243; img_size=&#8221;medium&#8221; alignment=&#8221;right&#8221; style=&#8221;vc_box_border_circle&#8221; css=&#8221;&#8221;][\/vc_column][\/vc_row][vc_row][vc_column][vc_separator style=&#8221;dotted&#8221;][\/vc_column][\/vc_row]<\/p>\n","protected":false},"author":1,"featured_media":0,"parent":0,"menu_order":0,"comment_status":"closed","ping_status":"closed","template":"","meta":{"footnotes":""},"class_list":["post-597","page","type-page","status-publish","hentry"],"_links":{"self":[{"href":"https:\/\/3rok.pl\/d15\/wp-json\/wp\/v2\/pages\/597","targetHints":{"allow":["GET"]}}],"collection":[{"href":"https:\/\/3rok.pl\/d15\/wp-json\/wp\/v2\/pages"}],"about":[{"href":"https:\/\/3rok.pl\/d15\/wp-json\/wp\/v2\/types\/page"}],"author":[{"embeddable":true,"href":"https:\/\/3rok.pl\/d15\/wp-json\/wp\/v2\/users\/1"}],"replies":[{"embeddable":true,"href":"https:\/\/3rok.pl\/d15\/wp-json\/wp\/v2\/comments?post=597"}],"version-history":[{"count":63,"href":"https:\/\/3rok.pl\/d15\/wp-json\/wp\/v2\/pages\/597\/revisions"}],"predecessor-version":[{"id":783,"href":"https:\/\/3rok.pl\/d15\/wp-json\/wp\/v2\/pages\/597\/revisions\/783"}],"wp:attachment":[{"href":"https:\/\/3rok.pl\/d15\/wp-json\/wp\/v2\/media?parent=597"}],"curies":[{"name":"wp","href":"https:\/\/api.w.org\/{rel}","templated":true}]}}