{"id":180,"date":"2026-01-30T17:28:31","date_gmt":"2026-01-30T16:28:31","guid":{"rendered":"https:\/\/3rok.pl\/d09\/?page_id=180"},"modified":"2026-02-08T00:45:27","modified_gmt":"2026-02-07T23:45:27","slug":"test","status":"publish","type":"page","link":"https:\/\/3rok.pl\/d09\/tessssssst\/przykladowa-strona\/test\/","title":{"rendered":"kontakt"},"content":{"rendered":"<div class=\"wpb-content-wrapper\">[vc_row][vc_column][vc_column_text]\n\n\n<div class=\"wp-block-media-text is-stacked-on-mobile\" style=\"grid-template-columns:35% auto\"><figure class=\"wp-block-media-text__media\"><img fetchpriority=\"high\" decoding=\"async\" width=\"551\" height=\"551\" src=\"https:\/\/3rok.pl\/d09\/wp-content\/uploads\/2026\/02\/ja-znowu.png\" alt=\"\" class=\"wp-image-443 size-full\" srcset=\"https:\/\/3rok.pl\/d09\/wp-content\/uploads\/2026\/02\/ja-znowu.png 551w, https:\/\/3rok.pl\/d09\/wp-content\/uploads\/2026\/02\/ja-znowu-300x300.png 300w, https:\/\/3rok.pl\/d09\/wp-content\/uploads\/2026\/02\/ja-znowu-150x150.png 150w\" sizes=\"(max-width: 551px) 100vw, 551px\" \/><\/figure><div class=\"wp-block-media-text__content\">\n<p>Jestem tw\u00f3rc\u0105 audiowizualnym zainteresowanym re\u017cyseri\u0105, monta\u017cem oraz formami narracji wizualnej. Pracuj\u0119 z obrazem, d\u017awi\u0119kiem i rytmem, traktuj\u0105c je jako narz\u0119dzia do opowiadania historii i budowania emocji. Interesuje mnie zar\u00f3wno kino autorskie, jak i projekty komercyjne, w kt\u00f3rych liczy si\u0119 klarowny przekaz i sp\u00f3jna estetyka.<\/p>\n\n\n\n<p>&nbsp;<\/p>\n<\/div><\/div>\n\n\n\n<div class=\"wp-block-columns is-layout-flex wp-container-core-columns-is-layout-28f84493 wp-block-columns-is-layout-flex\">\n<div class=\"wp-block-column is-layout-flow wp-block-column-is-layout-flow\" style=\"flex-basis:100%\">\n<div class=\"wp-block-cover alignfull\" style=\"padding-top:4vw;padding-right:4vw;padding-bottom:4vw;padding-left:4vw;min-height:50px;aspect-ratio:unset;\"><span aria-hidden=\"true\" class=\"wp-block-cover__background has-black-background-color has-background-dim-100 has-background-dim\"><\/span><div class=\"wp-block-cover__inner-container is-layout-flow wp-block-cover-is-layout-flow\">\n<div class=\"wp-block-media-text has-media-on-the-right is-stacked-on-mobile\" style=\"grid-template-columns:auto 42%\"><div class=\"wp-block-media-text__content\">\n<p class=\"has-text-align-center\">Moja pracownia<\/p>\n<\/div><figure class=\"wp-block-media-text__media\"><img decoding=\"async\" width=\"433\" height=\"433\" src=\"https:\/\/3rok.pl\/d09\/wp-content\/uploads\/2026\/02\/Zrzut-ekranu-2026-02-06-141247-z-pineska-1.jpg\" alt=\"\" class=\"wp-image-329 size-full\" srcset=\"https:\/\/3rok.pl\/d09\/wp-content\/uploads\/2026\/02\/Zrzut-ekranu-2026-02-06-141247-z-pineska-1.jpg 433w, https:\/\/3rok.pl\/d09\/wp-content\/uploads\/2026\/02\/Zrzut-ekranu-2026-02-06-141247-z-pineska-1-300x300.jpg 300w, https:\/\/3rok.pl\/d09\/wp-content\/uploads\/2026\/02\/Zrzut-ekranu-2026-02-06-141247-z-pineska-1-150x150.jpg 150w\" sizes=\"(max-width: 433px) 100vw, 433px\" \/><\/figure><\/div>\n<\/div><\/div>\n<\/div>\n<\/div>\n\n\n\n<div class=\"wp-block-group alignfull has-contrast-color has-text-color is-vertical is-content-justification-center is-layout-flex wp-container-core-group-is-layout-f306f087 wp-block-group-is-layout-flex\" style=\"min-height:40vh;margin-top:0;margin-bottom:0;padding-top:var(--wp--preset--spacing--60);padding-right:var(--wp--preset--spacing--50);padding-bottom:var(--wp--preset--spacing--60);padding-left:var(--wp--preset--spacing--50)\"><div style=\"margin-bottom:6px;\" class=\"is-default-size aligncenter wp-block-site-logo\"><a href=\"https:\/\/3rok.pl\/d09\/\" class=\"custom-logo-link\" rel=\"home\"><img decoding=\"async\" width=\"2560\" height=\"2519\" src=\"https:\/\/3rok.pl\/d09\/wp-content\/uploads\/2026\/01\/logo-scaled.png\" class=\"custom-logo\" alt=\"Pawe\u0142 Paw\u0142owski\" srcset=\"https:\/\/3rok.pl\/d09\/wp-content\/uploads\/2026\/01\/logo-scaled.png 2560w, https:\/\/3rok.pl\/d09\/wp-content\/uploads\/2026\/01\/logo-300x295.png 300w, https:\/\/3rok.pl\/d09\/wp-content\/uploads\/2026\/01\/logo-1024x1007.png 1024w, https:\/\/3rok.pl\/d09\/wp-content\/uploads\/2026\/01\/logo-768x756.png 768w, https:\/\/3rok.pl\/d09\/wp-content\/uploads\/2026\/01\/logo-1536x1511.png 1536w, https:\/\/3rok.pl\/d09\/wp-content\/uploads\/2026\/01\/logo-2048x2015.png 2048w\" sizes=\"(max-width: 2560px) 100vw, 2560px\" \/><\/a><\/div>\n\n\n<p class=\"has-text-align-center has-medium-font-size\">Mo\u017cesz mnie znale\u017a\u0107 r\u00f3wnie\u017c tu<\/p>\n\n\n\n<ul class=\"wp-block-social-links has-normal-icon-size is-style-logos-only is-nowrap is-layout-flex wp-container-core-social-links-is-layout-65900438 wp-block-social-links-is-layout-flex\"><li class=\"wp-social-link wp-social-link-facebook  wp-block-social-link\"><a href=\"#\" class=\"wp-block-social-link-anchor\"><svg width=\"24\" height=\"24\" viewBox=\"0 0 24 24\" version=\"1.1\" xmlns=\"http:\/\/www.w3.org\/2000\/svg\" aria-hidden=\"true\" focusable=\"false\"><path d=\"M12 2C6.5 2 2 6.5 2 12c0 5 3.7 9.1 8.4 9.9v-7H7.9V12h2.5V9.8c0-2.5 1.5-3.9 3.8-3.9 1.1 0 2.2.2 2.2.2v2.5h-1.3c-1.2 0-1.6.8-1.6 1.6V12h2.8l-.4 2.9h-2.3v7C18.3 21.1 22 17 22 12c0-5.5-4.5-10-10-10z\"><\/path><\/svg><span class=\"wp-block-social-link-label screen-reader-text\">Facebook<\/span><\/a><\/li>\n\n\n\n<\/ul>\n<\/div>\n\n\n\n<div class=\"wp-block-group alignfull has-background-color has-white-color has-black-background-color has-text-color has-background has-link-color wp-elements-70a09c9fbcf6d792377d1cb41b0275e5 is-vertical is-content-justification-stretch is-layout-flex wp-container-core-group-is-layout-48a3dbfb wp-block-group-is-layout-flex\" style=\"min-height:40vh;margin-top:0;margin-bottom:0;padding-top:var(--wp--preset--spacing--60);padding-right:var(--wp--preset--spacing--40);padding-bottom:var(--wp--preset--spacing--60);padding-left:var(--wp--preset--spacing--40)\">\n<div class=\"wp-block-columns alignwide has-small-font-size is-layout-flex wp-container-core-columns-is-layout-28f84493 wp-block-columns-is-layout-flex\">\n<div class=\"wp-block-column is-layout-flow wp-block-column-is-layout-flow\">\n<p class=\"has-text-align-center\">Lokalizacja<\/p>\n\n\n\n<p class=\"has-text-align-center\">2026 Tarn\u00f3w, 33-100<\/p>\n\n\n\n<p class=\"has-text-align-center\">Poland<\/p>\n\n\n\n<div style=\"height:24px\" aria-hidden=\"true\" class=\"wp-block-spacer\"><\/div>\n<\/div>\n\n\n\n<div class=\"wp-block-column is-layout-flow wp-block-column-is-layout-flow\">\n<p class=\"has-text-align-center\">Strony<\/p>\n\n\n<nav class=\"has-small-font-size items-justified-center is-vertical no-wrap wp-block-navigation is-content-justification-center is-nowrap is-layout-flex wp-container-core-navigation-is-layout-34a3ecb2 wp-block-navigation-is-layout-flex\" aria-label=\"Nawigacja\"><ul class=\"wp-block-navigation__container has-small-font-size items-justified-center is-vertical no-wrap wp-block-navigation has-small-font-size\"><li class=\"has-small-font-size wp-block-navigation-item wp-block-navigation-link\"><a class=\"wp-block-navigation-item__content\"  href=\"https:\/\/3rok.pl\/d09\/\"><span class=\"wp-block-navigation-item__label\">home page<\/span><\/a><\/li><li class=\"has-small-font-size wp-block-navigation-item wp-block-navigation-link\"><a class=\"wp-block-navigation-item__content\"  href=\"https:\/\/3rok.pl\/d09\/tessssssst\/przykladowa-strona\/\"><span class=\"wp-block-navigation-item__label\">ilustracje<\/span><\/a><\/li><li class=\"has-small-font-size wp-block-navigation-item wp-block-navigation-link\"><a class=\"wp-block-navigation-item__content\"  href=\"https:\/\/3rok.pl\/d09\/tessssssst\/przykladowa-strona\/\"><span class=\"wp-block-navigation-item__label\">Fotografia<\/span><\/a><\/li><li class=\"has-small-font-size wp-block-navigation-item wp-block-navigation-link\"><a class=\"wp-block-navigation-item__content\"  href=\"https:\/\/3rok.pl\/d09\/test-3\/\"><span class=\"wp-block-navigation-item__label\">video<\/span><\/a><\/li><li class=\"has-small-font-size wp-block-navigation-item wp-block-navigation-link\"><a class=\"wp-block-navigation-item__content\"  href=\"https:\/\/3rok.pl\/d09\/tessssssst\/przykladowa-strona\/test\/\"><span class=\"wp-block-navigation-item__label\">kontakt<\/span><\/a><\/li><\/ul><\/nav>\n\n\n<div style=\"height:24px\" aria-hidden=\"true\" class=\"wp-block-spacer\"><\/div>\n<\/div>\n\n\n\n<div class=\"wp-block-column is-layout-flow wp-block-column-is-layout-flow\">\n<p class=\"has-text-align-center\">Obserwuj nas<\/p>\n\n\n\n<div class=\"wp-block-group is-vertical is-content-justification-center is-layout-flex wp-container-core-group-is-layout-0e868306 wp-block-group-is-layout-flex\">\n<p><a href=\"#\">Facebook<\/a><\/p>\n\n\n\n<p><a href=\"#\">Instagram<\/a><\/p>\n\n\n\n<p><a href=\"#\">X(Twitter)<\/a><\/p>\n<\/div>\n\n\n\n<div style=\"height:24px\" aria-hidden=\"true\" class=\"wp-block-spacer\"><\/div>\n<\/div>\n<\/div>\n\n\n\n<div class=\"wp-block-group alignwide is-content-justification-center is-layout-flex wp-container-core-group-is-layout-c124d1c4 wp-block-group-is-layout-flex\">\n<p class=\"has-text-align-center has-small-font-size\">Z dum\u0105 wspierane przez <a href=\"https:\/\/wordpress.org\" rel=\"nofollow\">WordPress<\/a><\/p>\n<\/div>\n<\/div>\n\n\n[\/vc_column_text][\/vc_column][\/vc_row][vc_row][vc_column][\/vc_column][\/vc_row]<\/div>","protected":false},"excerpt":{"rendered":"<p>[vc_row][vc_column][vc_column_text] Jestem tw\u00f3rc\u0105 audiowizualnym zainteresowanym re\u017cyseri\u0105, monta\u017cem oraz formami narracji wizualnej. Pracuj\u0119 z obrazem, d\u017awi\u0119kiem i rytmem, traktuj\u0105c je jako narz\u0119dzia do opowiadania historii i budowania emocji. Interesuje mnie zar\u00f3wno kino autorskie, jak i projekty komercyjne, w kt\u00f3rych liczy si\u0119 klarowny przekaz i sp\u00f3jna estetyka. &nbsp; Mo\u017cesz mnie znale\u017a\u0107 r\u00f3wnie\u017c tu Lokalizacja 2026 Tarn\u00f3w, 33-100 [&hellip;]<\/p>\n","protected":false},"author":1,"featured_media":0,"parent":2,"menu_order":0,"comment_status":"closed","ping_status":"closed","template":"tssst","meta":{"footnotes":""},"class_list":["post-180","page","type-page","status-publish","hentry"],"_links":{"self":[{"href":"https:\/\/3rok.pl\/d09\/wp-json\/wp\/v2\/pages\/180","targetHints":{"allow":["GET"]}}],"collection":[{"href":"https:\/\/3rok.pl\/d09\/wp-json\/wp\/v2\/pages"}],"about":[{"href":"https:\/\/3rok.pl\/d09\/wp-json\/wp\/v2\/types\/page"}],"author":[{"embeddable":true,"href":"https:\/\/3rok.pl\/d09\/wp-json\/wp\/v2\/users\/1"}],"replies":[{"embeddable":true,"href":"https:\/\/3rok.pl\/d09\/wp-json\/wp\/v2\/comments?post=180"}],"version-history":[{"count":27,"href":"https:\/\/3rok.pl\/d09\/wp-json\/wp\/v2\/pages\/180\/revisions"}],"predecessor-version":[{"id":445,"href":"https:\/\/3rok.pl\/d09\/wp-json\/wp\/v2\/pages\/180\/revisions\/445"}],"up":[{"embeddable":true,"href":"https:\/\/3rok.pl\/d09\/wp-json\/wp\/v2\/pages\/2"}],"wp:attachment":[{"href":"https:\/\/3rok.pl\/d09\/wp-json\/wp\/v2\/media?parent=180"}],"curies":[{"name":"wp","href":"https:\/\/api.w.org\/{rel}","templated":true}]}}