{"id":56,"date":"2026-01-22T20:46:08","date_gmt":"2026-01-22T19:46:08","guid":{"rendered":"https:\/\/3rok.pl\/d05\/about\/"},"modified":"2026-02-08T21:20:39","modified_gmt":"2026-02-08T20:20:39","slug":"about","status":"publish","type":"page","link":"https:\/\/3rok.pl\/d05\/about\/","title":{"rendered":"O mnie"},"content":{"rendered":"\t\t<div data-elementor-type=\"wp-page\" data-elementor-id=\"56\" class=\"elementor elementor-56\">\n\t\t\t\t<div class=\"elementor-element elementor-element-2ec9d630 e-con-full e-flex e-con e-parent\" data-id=\"2ec9d630\" data-element_type=\"container\">\n\t\t<div class=\"elementor-element elementor-element-496edb39 e-con-full e-flex e-con e-child\" data-id=\"496edb39\" data-element_type=\"container\">\n\t\t\t\t<div class=\"elementor-element elementor-element-3353e39a elementor-widget elementor-widget-heading\" data-id=\"3353e39a\" data-element_type=\"widget\" data-widget_type=\"heading.default\">\n\t\t\t\t\t<h1 class=\"elementor-heading-title elementor-size-default\">O mnie<\/h1>\t\t\t\t<\/div>\n\t\t\t\t<div class=\"elementor-element elementor-element-21d3c373 elementor-widget-divider--view-line elementor-widget elementor-widget-divider\" data-id=\"21d3c373\" data-element_type=\"widget\" data-widget_type=\"divider.default\">\n\t\t\t\t\t\t\t<div class=\"elementor-divider\">\n\t\t\t<span class=\"elementor-divider-separator\">\n\t\t\t\t\t\t<\/span>\n\t\t<\/div>\n\t\t\t\t\t\t<\/div>\n\t\t\t\t<div class=\"elementor-element elementor-element-4a2fa918 elementor-widget__width-initial elementor-widget elementor-widget-text-editor\" data-id=\"4a2fa918\" data-element_type=\"widget\" data-widget_type=\"text-editor.default\">\n\t\t\t\t\t\t\t\t\t<p data-path-to-node=\"5\">\u273f Mam 22 lata i jestem studentk\u0105 trzeciego roku Designu na Akademii Tarnowskiej. Na co dzie\u0144 \u0142\u0105cz\u0119 nauk\u0119 z prac\u0105 jako Social Media Specialist w agencji marketingowej. To tam zdobywam \u201efach w r\u0119ku\u201d i ucz\u0119 si\u0119, jak teoria designu przek\u0142ada si\u0119 na realne wyniki i zasi\u0119gi.<\/p><p data-path-to-node=\"5\">\u273f Obecnie jestem na etapie intensywnego szukania w\u0142asnego j\u0119zyka wyrazu. Moim celem jest bycie autonomiczn\u0105 projektantk\u0105, kt\u00f3ra tworzy rzeczy daj\u0105ce \u201ewizualn\u0105 uciech\u0119\u201d innym, a mnie \u2013 poczucie zawodowego spe\u0142nienia.<\/p>\t\t\t\t\t\t\t\t<\/div>\n\t\t\t\t<div class=\"elementor-element elementor-element-ee7277b elementor-widget__width-initial elementor-widget elementor-widget-text-editor\" data-id=\"ee7277b\" data-element_type=\"widget\" data-widget_type=\"text-editor.default\">\n\t\t\t\t\t\t\t\t\t<p data-pm-slice=\"1 1 []\">Prywatnie tworz\u0119 autorskie grafiki 2D, eksploruj\u0119 malarstwo abstrakcyjne i prac\u0119 z form\u0105, szczeg\u00f3lnie w modelinie. Proces tw\u00f3rczy traktuj\u0119 jako przestrze\u0144 swobody \u2014 moment, w kt\u00f3rym mog\u0119 eksperymentowa\u0107, obserwowa\u0107 i szuka\u0107 w\u0142asnego j\u0119zyka wizualnego.<\/p><p>Wa\u017cne s\u0105 dla mnie harmonia, spok\u00f3j i dobra atmosfera. Ceni\u0119 ciep\u0142o, przytulne wn\u0119trza i obecno\u015b\u0107 kot\u00f3w, a surowo\u015b\u0107 betonu i ch\u0142\u00f3d zdecydowanie nie s\u0105 moim klimatem.<\/p>\t\t\t\t\t\t\t\t<\/div>\n\t\t\t\t<\/div>\n\t\t<div class=\"elementor-element elementor-element-2ca5d2c0 e-con-full e-flex e-con e-child\" data-id=\"2ca5d2c0\" data-element_type=\"container\" data-settings=\"{&quot;background_background&quot;:&quot;classic&quot;}\">\n\t\t\t\t<\/div>\n\t\t\t\t<\/div>\n\t\t<div class=\"elementor-element elementor-element-6dc50d90 e-flex e-con-boxed e-con e-parent\" data-id=\"6dc50d90\" data-element_type=\"container\">\n\t\t\t\t\t<div class=\"e-con-inner\">\n\t\t\t\t<div class=\"elementor-element elementor-element-459095c elementor-widget elementor-widget-heading\" data-id=\"459095c\" data-element_type=\"widget\" data-widget_type=\"heading.default\">\n\t\t\t\t\t<h2 class=\"elementor-heading-title elementor-size-default\">Zaprojektujmy co\u015b, co zostanie zapami\u0119tane!<\/h2>\t\t\t\t<\/div>\n\t\t\t\t<div class=\"elementor-element elementor-element-312f1318 elementor-widget__width-initial elementor-widget elementor-widget-text-editor\" data-id=\"312f1318\" data-element_type=\"widget\" data-widget_type=\"text-editor.default\">\n\t\t\t\t\t\t\t\t\t<p>Porozmawiajmy o Twoim pomy\u015ble!<\/p>\t\t\t\t\t\t\t\t<\/div>\n\t\t\t\t<div class=\"elementor-element elementor-element-3913940f elementor-align-center elementor-invisible elementor-widget elementor-widget-button\" data-id=\"3913940f\" data-element_type=\"widget\" data-settings=\"{&quot;_animation&quot;:&quot;fadeInDown&quot;}\" data-widget_type=\"button.default\">\n\t\t\t\t\t\t\t\t\t\t<a class=\"elementor-button elementor-button-link elementor-size-sm\" href=\"https:\/\/3rok.pl\/d05\/kontakt-2\/\">\n\t\t\t\t\t\t<span class=\"elementor-button-content-wrapper\">\n\t\t\t\t\t\t\t\t\t<span class=\"elementor-button-text\">Skontaktuj si\u0119 ze mn\u0105<\/span>\n\t\t\t\t\t<\/span>\n\t\t\t\t\t<\/a>\n\t\t\t\t\t\t\t\t<\/div>\n\t\t\t\t\t<\/div>\n\t\t\t\t<\/div>\n\t\t<div class=\"elementor-element elementor-element-3e759be e-flex e-con-boxed e-con e-parent\" data-id=\"3e759be\" data-element_type=\"container\">\n\t\t\t\t\t<div class=\"e-con-inner\">\n\t\t\t\t\t<\/div>\n\t\t\t\t<\/div>\n\t\t\t\t<\/div>\n\t\t","protected":false},"excerpt":{"rendered":"<p>O mnie \u273f Mam 22 lata i jestem studentk\u0105 trzeciego roku Designu na Akademii Tarnowskiej. Na co dzie\u0144 \u0142\u0105cz\u0119 nauk\u0119 z prac\u0105 jako Social Media Specialist w agencji marketingowej. To tam zdobywam \u201efach w r\u0119ku\u201d i ucz\u0119 si\u0119, jak teoria designu przek\u0142ada si\u0119 na realne wyniki i zasi\u0119gi. \u273f Obecnie jestem na etapie intensywnego szukania &hellip; <\/p>\n","protected":false},"author":1,"featured_media":63,"parent":0,"menu_order":0,"comment_status":"closed","ping_status":"closed","template":"elementor_header_footer","meta":{"footnotes":""},"class_list":["post-56","page","type-page","status-publish","has-post-thumbnail","hentry"],"_links":{"self":[{"href":"https:\/\/3rok.pl\/d05\/wp-json\/wp\/v2\/pages\/56","targetHints":{"allow":["GET"]}}],"collection":[{"href":"https:\/\/3rok.pl\/d05\/wp-json\/wp\/v2\/pages"}],"about":[{"href":"https:\/\/3rok.pl\/d05\/wp-json\/wp\/v2\/types\/page"}],"author":[{"embeddable":true,"href":"https:\/\/3rok.pl\/d05\/wp-json\/wp\/v2\/users\/1"}],"replies":[{"embeddable":true,"href":"https:\/\/3rok.pl\/d05\/wp-json\/wp\/v2\/comments?post=56"}],"version-history":[{"count":29,"href":"https:\/\/3rok.pl\/d05\/wp-json\/wp\/v2\/pages\/56\/revisions"}],"predecessor-version":[{"id":530,"href":"https:\/\/3rok.pl\/d05\/wp-json\/wp\/v2\/pages\/56\/revisions\/530"}],"wp:featuredmedia":[{"embeddable":true,"href":"https:\/\/3rok.pl\/d05\/wp-json\/wp\/v2\/media\/63"}],"wp:attachment":[{"href":"https:\/\/3rok.pl\/d05\/wp-json\/wp\/v2\/media?parent=56"}],"curies":[{"name":"wp","href":"https:\/\/api.w.org\/{rel}","templated":true}]}}